f g and 209.
19
Let d(z) = 49*z**3 + 10*z + 15. Let b be d(3). Calculate the highest common factor of b and 72.
72
Let z be (5 + 237/(-21))*1232/(-32). Calculate the greatest common divisor of 34848 and z.
242
Suppose 2*i + i - u = -17, 0 = -2*i - 3*u - 4. Let c be 1*-177*i*14/(-105). Let q = 294 + c. Calculate the greatest common factor of 16 and q.
16
Let p = -2183 - -2194. Calculate the highest common factor of p and 1639.
11
Let b = 46 - 191. Let z = b - -217. What is the greatest common factor of 108 and z?
36
Let b = 1143 - 711. Calculate the highest common factor of 297 and b.
27
Let h = -1698 - -1740. Calculate the highest common factor of h and 2450.
14
Let k be (-6)/15 + (74/10 - 2). Suppose 0 = 2*n - k*v - 434, 5*v + 835 = 4*n - 23. Calculate the highest common divisor of 159 and n.
53
Let w(x) = x**3 + 19*x**2 - 18*x + 369. Let j be w(-19). What is the greatest common factor of j and 27?
9
Let q = 71 - 69. Suppose 10*d - q = 8*d. Let f be d + (-6)/((-12)/46). What is the highest common divisor of f and 216?
24
Suppose -15*h = -1705 - 1910. Suppose 0 = -2*w - 237 + h. What is the highest common divisor of 11 and w?
1
Let r = 13106 + -12802. Calculate the greatest common factor of r and 32.
16
Let a = -12860 + 13157. What is the greatest common factor of 1881 and a?
99
Suppose f - 86 + 77 = 0. Suppose 2332 = 2*h + f*h. What is the greatest common factor of h and 53?
53
Suppose s - 2*u = 262, 2*s + s - 3*u = 792. Let n(t) = 377*t**2 + 171*t - 16. Let w be n(-1). Calculate the highest common divisor of s and w.
38
Suppose -4*l + 45 = -3*v - 381, v = -4*l + 418. What is the greatest common divisor of 120 and l?
15
Let t be (-1)/5 + 69905/775. What is the highest common factor of t and 390?
30
Suppose 5*v + 14 = -t, 3*t - 2*t - 4 = v. Let f = v - -9. Suppose 5*u + 112 = 2*m, 6*u = 5*m + 5*u - 326. What is the greatest common factor of f and m?
6
Let q(x) = x**3 - 10*x**2 - 6*x + 64. Let l(n) = -n**2 + 8*n + 10. Let i be l(0). Let v be q(i). What is the highest common divisor of 52 and v?
4
Let m = -4800 + 11050. Calculate the highest common factor of 10 and m.
10
Suppose y = 0, -c + 19 + 321 = 3*y. Calculate the highest common divisor of c and 4.
4
Let n be (21/(-28))/(2/(-96)). Let i be (-12 - (32/(-40) - 10))*-50. Calculate the greatest common factor of i and n.
12
Suppose -2*r - 3 = -7, -5*i + r = -223. Suppose i = 4*v - 11. What is the highest common divisor of 658 and v?
14
Let n(v) = 3*v**2 + 18*v + 8. Let d be n(-9). Suppose -d = -3*w + 19. Let k = w + -29. What is the greatest common divisor of 63 and k?
7
Let g = 30 - 29. Let a be 10/((-4)/(g + -9)). Suppose -p + 4*p + j = a, 0 = -3*p - 5*j + 40. What is the greatest common factor of 5 and p?
5
Suppose 4*g - 17*c = -16*c + 76, 4*c = -2*g + 56. Calculate the greatest common factor of 250 and g.
10
Suppose 5*u - 128 = -5*i - 18, -5*i = -3*u - 22. Suppose 0 = 2*r - 310 + 112. Calculate the greatest common factor of i and r.
11
Suppose 1296 = -5*c + 59*c. Calculate the greatest common factor of 2028 and c.
12
Let d = -3845 + 7275. Calculate the greatest common divisor of 280 and d.
70
Let x(j) be the first derivative of j**3/3 + j**2 + 6*j - 33. Let t be x(4). Calculate the highest common factor of 72 and t.
6
Let t = 278 - 267. Let i be (-30)/45 - t/(-3) - -237. What is the highest common divisor of 15 and i?
15
Let o be 4/5 + 1144704/1320. Calculate the greatest common factor of o and 28.
28
Suppose -964 = -2*x - 4*w, x - 547 = 3*w - 95. Calculate the highest common divisor of x and 370.
10
Let y = 59 - -1. Suppose -44*j - 9 = -47*j. Suppose -4*p = 5*n - 65, -j*p - 2*n = -18 - 29. What is the highest common factor of p and y?
15
Let g be (-40)/(-6)*6/5. Suppose -7*v + 10*v = -1011. Let d = 409 + v. What is the greatest common factor of g and d?
8
Let g be (-15092)/(1 + ((-2)/(-3))/((-23)/69)). Calculate the highest common divisor of g and 88.
44
Let h(o) = -o**3 + o**2 - 19*o - 41. Let a be h(-4). What is the greatest common divisor of a and 1012?
23
Suppose z = 4*u - 79, 0 = -3*u + z + 90 - 32. What is the highest common divisor of 27447 and u?
21
Let c be -3 - ((-2)/(-4) + 1)*-8834. Suppose 4*k = -14*k + c. What is the greatest common divisor of k and 92?
92
Suppose 0 = -10*a + 5*a - 3*b + 612, 0 = 5*a + 2*b - 613. Let y = a + -112. What is the greatest common factor of y and 539?
11
Suppose -45*b = -50*b + 510. Let p = 129 - b. Calculate the greatest common factor of p and 72.
9
Let d(j) = j**2 - 25*j + 24. Let s be d(24). Suppose -6 = -s*c - 3*c. Suppose -6*i = -c*i - 32. What is the highest common factor of 16 and i?
8
Let l(t) = -t**3 - 70*t**2 + 70*t - 11. Let a be l(-71). Calculate the greatest common divisor of a and 1470.
30
Let r = 31651 - 26559. What is the highest common factor of 228 and r?
76
Suppose -9095 = 31*f - 43753. What is the highest common divisor of f and 516?
86
Suppose -4*j = -84 - 20. Suppose -3*k = 4*a - j, -k + 25 = 5*a - 2. Suppose 4*l - 80 = 20. Calculate the greatest common factor of a and l.
5
Suppose 4*t - 10 = 4*p - 6*p, 0 = -2*p + 10. Suppose 252 = 21*y - t*y. What is the greatest common factor of 16 and y?
4
Let n(u) = 5*u - 42. Let s be n(11). Let b(j) = -j**3 + 13*j**2 - j + 15. Let o be b(s). Calculate the greatest common factor of 4 and o.
2
Suppose 23 = -2*z - 5*k, -24*z + 29*z - 2*k = 44. What is the highest common factor of z and 303?
3
Let c be (-3)/28*(-52)/78 + (-698)/(-28). What is the greatest common divisor of c and 1?
1
Let a be (12/(-15))/(1/(-45)). Let t = -3534 + 3930. What is the greatest common factor of t and a?
36
Suppose -54*k = 18*k - 180576. What is the highest common divisor of 1824 and k?
228
Suppose k + 21 = -2*k, -4*h + 5*k = -471. What is the greatest common factor of 59 and h?
1
Let v(t) = -31*t**3 - 2*t**2 - t. Let s be v(-1). Let u = -46 - -60. Suppose -2*d + 2 = -o - u, d = -5*o + 30. Calculate the highest common divisor of d and s.
10
Suppose -2*o + 18*o - 3360 = 2*o. What is the highest common factor of o and 42?
6
Suppose -3*b = k - 11, 0 = -2*b + k + 6 - 2. Let q be -13 + b - (-1 - 3/(-3)). Let n be q/2*12/(-20). Calculate the highest common factor of 2 and n.
1
Let g be ((-19569)/99 - -19)/(2/(-66)). What is the greatest common divisor of 264 and g?
88
Suppose -24 + 4 = -5*a. Suppose i - a*c - 101 = -34, 0 = -c - 3. Suppose i = 3*u - 59. What is the greatest common factor of 57 and u?
19
Let d = 7965 + -5092. Calculate the greatest common divisor of 442 and d.
221
Suppose -35*o - 117 = -327. Let i be (5 - o) + 6 + (59 - 2). Calculate the highest common divisor of 248 and i.
62
Let k(x) = 144*x**3 - 389*x + 1143. Let f be k(3). Calculate the highest common divisor of 345 and f.
69
Let v be ((-3)/((-21)/(-34)))/((-68)/6664). Calculate the highest common factor of 3444 and v.
28
Let m(j) = -j**2 + 15*j - 20. Let z be m(11). Let i = -201 + 273. Calculate the highest common divisor of z and i.
24
Let d = -17325 + 17338. What is the highest common factor of d and 7787?
13
Let b be 273/39 + 9605 + 5. What is the highest common factor of b and 59?
59
Let a = -56 + 80. Suppose -75 = -3*v - 63. Suppose v*l + 28 = 2*b + 5*l, -b - l = -12. What is the highest common divisor of a and b?
8
Suppose -1478 = -78*i - 99*i + 14629. Calculate the greatest common factor of 1625 and i.
13
Let u(o) = -2 + 9 - 15*o + 2*o**2 - 5*o - 4. Let h be u(-10). Calculate the greatest common divisor of h and 62.
31
Suppose 0*h = -13*h + 6*h + 798. What is the greatest common divisor of h and 9861?
57
Let q(a) = -29*a**3 - 3*a**2 + 4*a + 10. Let f(c) = 3*c**3 - 1. Let k(i) = 6*f(i) + q(i). Let o be k(-2). Calculate the highest common divisor of 32 and o.
8
Let k(h) = -609*h + 638. Let g be k(1). Calculate the greatest common factor of g and 12151.
29
Let w(o) = -2*o + 19. Let l be w(7). Suppose 4*m + 259 = l*v, 2*v - v - 5*m = 56. Let x be 2/(-3) + 1156/v. Calculate the highest common factor of 55 and x.
11
Let o be ((-1)/(-1))/((-3)/(-13143)*13). Let n = o - 187. What is the greatest common divisor of n and 125?
25
Let f be (-351)/(-39) + (3791 - -1) + 0. Calculate the greatest common divisor of 9 and f.
3
Let n(q) = 539*q**2 + 3*q - 2. Let t be n(1). Suppose 4*b - 5*b = -t. Suppose b = -158*f + 162*f. What is the greatest common facto